= 2*d + 4*w - 228, 5*d + 2*w = 346 + t. What is the greatest common factor of d and 13?
13
Let w be (-1)/(-1*(-1)/(-51)). Let f(a) = 21*a. Let d be f(-1). Let c = w + d. Calculate the greatest common divisor of c and 6.
6
Let p = 148 - 78. What is the highest common factor of p and 14?
14
Let p(a) = -a - 5. Let b = 7 - 13. Let j be p(b). Let l = -29 - -40. Calculate the greatest common factor of j and l.
1
Let n(o) = -3*o**2 + 5*o - 4. Let l be n(5). Let j = l + 96. Calculate the highest common factor of j and 28.
14
Suppose 14*g = 18*g - 64. What is the highest common factor of 128 and g?
16
Let y = 30 - 26. Let r be 4/(-14) - 52/14. Let w(q) = -q**3 - 3*q**2 + 2*q - 4. Let t be w(r). Calculate the highest common factor of t and y.
4
Suppose b - 1 = 26. What is the greatest common factor of 3 and b?
3
Let l(j) = 2*j**2 + 2*j + 135. Let y be l(0). Calculate the highest common factor of 54 and y.
27
Let x(m) = -m**2 + 9*m - 8. Let z be x(6). Let c = -6 + z. Suppose -21 + 153 = 3*v. Calculate the greatest common factor of c and v.
4
Let x be 1*9/4*44. Suppose -5*r + 0*r + 275 = 0. Suppose 2*w = -3*w + r. What is the highest common factor of x and w?
11
Suppose -16 = -4*f - 0. What is the highest common factor of f and 4?
4
Suppose 0 = 4*n - 33 - 167. Suppose -3*l + n = -34. Let q(b) = -2*b. Let p be q(-2). What is the greatest common factor of l and p?
4
Suppose 4*a - 3*a - 1 = 0. Let v be a/4 + 1611/36. What is the greatest common factor of v and 5?
5
Suppose 0 = 5*p - 3 - 7. Suppose 0*h - 3*h = p*v - 306, -5*v + 765 = 4*h. Let b = -6 - -23. Calculate the greatest common divisor of b and v.
17
Let g = -3 + 8. Let c(s) = 1 - 7 + 3 - 3*s**2 - s**3 - g*s. Let k be c(-4). Calculate the highest common divisor of 3 and k.
3
Let a be ((-13)/3)/(2/(-12)). What is the greatest common divisor of a and 182?
26
Suppose -g + 21 = 2*w - 47, 2*w + 5*g - 60 = 0. Let a(j) = 5*j**2 + 3*j - 5 - j**3 + j - 2*j. Let q be a(5). Calculate the greatest common divisor of q and w.
5
Let r be 1 - (-75)/1 - (-132)/66. What is the highest common divisor of r and 6?
6
Suppose -2*m - 2*m = 8, 5*m - 6 = -4*n. Suppose 2*k = 3*k + 5*j, 0 = 2*k - n*j - 14. Suppose -k*y = -y - 52. Calculate the greatest common factor of y and 26.
13
Suppose 0 = -x + 2*v + 8, -x = -0*x + v - 14. Let w be 267/x + (-1)/4. Let z = -52 - -96. What is the highest common factor of z and w?
22
Let b(j) = -j**2 + 4*j - 1. Let w be b(2). Calculate the highest common divisor of w and 4.
1
Let h = 66 + -34. Calculate the highest common divisor of 16 and h.
16
Suppose 0 = -f - 5, 5*f + 125 = 5*v - 0*f. What is the greatest common factor of 50 and v?
10
Let h = 2 + -11. Let d = -6 - h. Suppose 0*f - 21 = -d*f. Calculate the highest common divisor of f and 56.
7
Let g(a) = -a**2 - 14*a + 19. Let d(v) = v**3 + 2*v**2 - 5*v - 2. Let l be d(-4). Let o be g(l). Calculate the greatest common divisor of 57 and o.
19
Suppose -2*y + 24 = -3*y. Let v be ((-6)/4)/(y/2080). Calculate the greatest common divisor of v and 13.
13
Suppose 0 = 3*r - 3*c - 252, 7*r - 3*r = -5*c + 372. Calculate the greatest common factor of 11 and r.
11
Let u(d) = 2*d**2 - 5*d - 6. Let x be u(5). Let c = x - 2. Let h(w) = 4*w**2 - 8. Let z be h(6). Calculate the highest common factor of z and c.
17
Let i(s) = s**3 + 5*s**2 + 2*s - 4. Let m be i(-4). Suppose m*h - 154 = 38. What is the greatest common factor of h and 16?
16
Let h be (1 + -3)/((-4)/36). What is the greatest common divisor of 72 and h?
18
Let v = 115 - -4. Calculate the highest common factor of 7 and v.
7
Let i(v) = -v + 10. Let w be i(8). Suppose -w*z = z - 12. Suppose 4*a = -z*q - 12, -3 = -3*a + q + 4. What is the highest common divisor of 4 and a?
1
Suppose 0 = 3*g, -5*j = -0*g - g - 560. Calculate the greatest common divisor of j and 7.
7
Let b(i) = i**3 + 5*i**2 - 4*i + 4. Let g be b(-4). What is the greatest common factor of 24 and g?
12
Suppose 0 = -5*d - 0*d + 210. Let o be (16 + -1)/((-2)/12). Let n = d - o. Calculate the greatest common factor of n and 12.
12
Let r be 32/5*(-1 + -4). Let a be r/(-3)*(-84)/(-16). What is the highest common factor of 8 and a?
8
Suppose 3*m + 21 = 69. Calculate the greatest common factor of 128 and m.
16
Suppose 0*y = -5*y + 4*z + 10, 4*z + 22 = -y. Let q be 11/4 + y/(-8). Let c(l) = 15*l - 3. Let j be c(q). What is the highest common divisor of j and 6?
6
Suppose 0 = -2*h - 3*x + 45, x - 47 = -2*h - 0*x. Let g = -2 - -8. Calculate the greatest common factor of g and h.
6
Suppose -2*n = -2*f + 268 - 72, -3*n + 3 = 0. What is the greatest common divisor of f and 11?
11
Let b be -3 + 10/(3 - 2). Calculate the greatest common divisor of b and 28.
7
Let m(i) = i - 7. Let l be m(4). Let c = 4 + l. Let h be (-37 - c)/(0 - 2). What is the highest common divisor of 19 and h?
19
Let a(p) = -3 + 4 + 0 - 3*p - 3 + 62*p**2. Let o be a(-1). Suppose 0 = -5*i - 0*i + 45. What is the greatest common divisor of i and o?
9
Suppose -4*m - 4*b = m - 123, 3*b = m - 36. Calculate the greatest common divisor of m and 18.
9
Let c be 2*-4*(-12)/32. Suppose 5*n - 30 = -c*d, 0 = -d - 3*d + 20. What is the highest common factor of n and 2?
1
Let d(j) = -j**2 + 50. Let i be d(0). Suppose -2*f = -i + 14. What is the greatest common divisor of 162 and f?
18
Suppose 2*c = -0 + 30. Let p be (2/3)/(1/(-18)). Let u be (p/c)/1*-50. What is the greatest common divisor of 5 and u?
5
Let q(s) = s**2 - 5*s - 6. Let c be q(6). Let i be 0 - c - (-9)/3. Suppose 0*t - i*t = -6. What is the highest common factor of t and 4?
2
Let d(i) = 19*i**2 - 3*i + 2. Let b be d(2). Suppose 6*s - b = 4*s. Calculate the greatest common divisor of s and 4.
4
Let k = 57 - 42. Let a = 11 + -6. Suppose -2*p = -4*h - 2 + 12, -20 = -5*h - a*p. What is the greatest common factor of k and h?
3
Suppose -4*p + 901 - 165 = 0. What is the highest common divisor of p and 23?
23
Suppose 11 = 3*q + 2. Suppose -q*b + 6*b - 101 = -5*d, 0 = b + 3*d - 35. Calculate the highest common divisor of b and 16.
16
Let s = -48 + 81. What is the greatest common factor of s and 264?
33
Let p be 0 + -3 + 4 - 1. Suppose 0*k + 46 = 2*k + y, p = -4*y + 8. Calculate the highest common factor of k and 33.
11
Let o be (-20)/3*168/(-10). Let r = o - 80. Let i(c) = -2*c**3 + 3*c**2 - 1. Let h be i(-3). What is the greatest common factor of r and h?
16
Let y = -9 - -23. What is the greatest common factor of y and 98?
14
Let r be 2 - (-3)/(-6)*-2. Suppose r*a = 7*a - 16, a + 4 = 2*z. Let q(o) = 2*o + 2. Let p be q(z). What is the highest common divisor of p and 20?
10
Suppose -1487 + 243 = 4*p. Let q = p - -501. What is the greatest common divisor of q and 19?
19
Suppose 3*n + 22 = 5*n + 4*p, -4*n = -2*p - 94. Let y = 5 - -2. Calculate the highest common divisor of n and y.
7
Suppose w - 4*k - 209 = -5*k, 5*k - 838 = -4*w. Suppose s - 69 = -2*s. What is the highest common factor of s and w?
23
Suppose 0 = -j + 2 + 3. Suppose -t + j*t = 72. Calculate the highest common factor of t and 45.
9
Suppose n = 4*o - n - 36, -4*n = -o + 23. Suppose r + 2*h = -2*h + 15, 0 = 3*r + 2*h - 95. What is the highest common factor of r and o?
7
Suppose 2*p - 10 = -3*p. Let h be ((-4)/p)/(-6)*3. Suppose h = -f + 4. What is the highest common divisor of 12 and f?
3
Let g(v) = 2*v**2 + 3. Let w be g(3). Suppose 2*q - 14 = -8. Calculate the highest common divisor of q and w.
3
Let s(v) = 9*v - 110. Let f be s(15). Let h be 1 + (1 - 3)/(-2). Let q be h*(2 - (-171)/2). Calculate the greatest common factor of f and q.
25
Let t(g) = -g**3 - g**2 + g + 3. Let f = 11 + -14. Let d be t(f). What is the greatest common divisor of d and 9?
9
Let o be 4/(4/21) - 3. Suppose v = b + 4*b - 392, 5*b - 2*v = 394. Suppose -5*h + q + b = -54, -q = -2*h + 51. Calculate the greatest common factor of h and o.
9
Let c = -2 + 5. Suppose -2*u + 3*z = -2*z - 15, 0 = -4*u - c*z + 43. Calculate the greatest common factor of 4 and u.
2
Suppose -7 = -2*g - 3. Let p be 1798/10 + g/10. Calculate the greatest common divisor of p and 20.
20
Suppose -2*f - 2 = 14. Let b(u) = u - 41. Let c be b(8). Let x = f - c. What is the highest common factor of 5 and x?
5
Suppose 4*p = w - 4, -w + 16 = -5*p + 4*p. What is the highest common divisor of 140 and w?
20
Let i be 137/3 + (-2)/3. Let j = 66